 g(u) = -4*u**3 - 2*u**2 + 2*u. Give g(2).
-36
Let k(b) = 17*b - 98. Determine k(6).
4
Let o(u) = u**3 + 4*u**2 - 6*u - 3. What is o(-5)?
2
Let a(n) = -5*n**2 + 14*n - 5. Give a(2).
3
Let n(q) = -q**3 + 5*q**2 - 14. Determine n(3).
4
Let b(a) = -a**2 - 6*a + 5. Determine b(-7).
-2
Let w(b) = -17*b**2 - b - 1. What is w(-1)?
-17
Let z(q) = -q**2 - 87*q + 462. Give z(5).
2
Let d(g) = g**3 + 4*g**2. Give d(-5).
-25
Let u(n) = -2*n**2 + 7*n - 4. What is u(4)?
-8
Let d(o) = o**2 - 2*o + 4. Determine d(-3).
19
Let v(w) = -2*w**3 - 9*w**2 - 4*w + 2. What is v(-4)?
2
Let f(u) = -u**3 + 6*u**2 + 6*u - 3. What is f(7)?
-10
Let j(d) = 2*d**2 + 7*d + 5. Give j(-5).
20
Let j(b) = b**3 + 19*b**2 + 17*b - 29. What is j(-18)?
-11
Let r(d) = -6*d - 6. Determine r(3).
-24
Let v(a) = -3*a - 22. Determine v(5).
-37
Let u(q) = 9*q. Determine u(-1).
-9
Let f(d) = -d**3 - 5*d**2 + 4*d - 7. Calculate f(-5).
-27
Let l(o) = -3*o + 73. Calculate l(28).
-11
Let w(y) = -2*y**2 + 11*y - 5. Give w(5).
0
Let j(n) = 5*n**3 - 3*n - 3. Determine j(-1).
-5
Let t(p) = -7*p - 43. Calculate t(-6).
-1
Let l(y) = 3*y**2 + 4*y + 1. Calculate l(-3).
16
Let b(p) = -p**2 - 18*p + 45. Determine b(-21).
-18
Let i(w) = -w**3 + 11*w**2 + w - 24. What is i(11)?
-13
Let m(a) = -a**2 - 17*a - 12. Calculate m(-16).
4
Let g(r) = -r**2 - 15*r - 26. What is g(-14)?
-12
Let q(y) = -y**2 - 4*y - 8. Calculate q(-2).
-4
Let t(n) = -3*n**2 + 24*n + 63. What is t(12)?
-81
Let t(a) = -a**3 + 6*a**2 + 7*a - 1. Determine t(7).
-1
Let t(d) = -d**3 - 5*d**2 - 3*d. Determine t(-4).
-4
Let q(x) = -x**3 + 2*x**2 - 5*x + 17. Determine q(3).
-7
Let z(b) = 24*b - 145. What is z(5)?
-25
Let o(h) = -h**3 - h**2 + h + 21. Determine o(0).
21
Let m(p) = -p + 17. Calculate m(8).
9
Let s(p) = 12*p - 38. What is s(7)?
46
Let c(z) = -9*z - 4. Calculate c(-6).
50
Let i(u) = -2*u + 11. Calculate i(5).
1
Let l(j) = -3*j**2 + 3*j + 3. Determine l(2).
-3
Let r(z) = z**2 + 5*z - 3. Determine r(-6).
3
Let v(c) = -89*c - 3. Give v(-1).
86
Let p(h) = 4*h + 16. Give p(-8).
-16
Let d(t) = t**2 - 8*t - 1. Determine d(9).
8
Let q(j) = j**3 - 11*j**2 - 6. What is q(11)?
-6
Let v(y) = -49*y + 299. Determine v(6).
5
Let r(p) = -p**3 + 42*p**2 - 77*p - 80. Give r(40).
40
Let b(j) = -j**3 + 6*j**2 - 2*j + 12. Calculate b(3).
33
Let h(o) = 2*o - 26. What is h(9)?
-8
Let p(g) = g**3 - 27*g**2 - 2*g + 55. Determine p(27).
1
Let f(u) = 2*u**2 + 63*u - 62. Calculate f(1).
3
Let d(w) = -w**3 + 5*w**2 - 4*w + 11. Calculate d(5).
-9
Let v(g) = 33*g + 19. Calculate v(-1).
-14
Let c(s) = s**2 - 23*s + 66. What is c(19)?
-10
Let t(i) = -7*i**3 - 2*i**2 + i + 2. Give t(-2).
48
Let q(o) = -6*o - 136. What is q(-25)?
14
Let o(m) = 10*m + 5. Determine o(-2).
-15
Let w(z) = 16*z - 187. Determine w(10).
-27
Let a(x) = x + 1. Calculate a(-9).
-8
Let f(b) = -2*b - 6. What is f(3)?
-12
Let d(m) = -3*m**2 - m + 1. What is d(-3)?
-23
Let i(d) = -12*d - 4. Calculate i(-3).
32
Let d(x) = -6*x**3 - x**2 + 3*x + 2. Determine d(-2).
40
Let a(x) = -x**2 + 15*x - 15. Give a(6).
39
Let t(j) = -j**2 - 15*j - 32. Calculate t(-9).
22
Let v(l) = l**2 + 10*l - 12. Give v(-10).
-12
Let z(i) = -7*i**3 - i**2 - 2*i + 1. Give z(-2).
57
Let w(d) = -16*d - 2. What is w(-2)?
30
Let k(x) = -x**3 + 25*x**2 + 5*x - 108. Determine k(25).
17
Let w(i) = i**3 - 18*i**2 + 19. What is w(18)?
19
Let w(j) = 6*j**2 - j - 1. Determine w(-1).
6
Let i(c) = c**3 - 6*c**2 - 13*c - 22. Give i(8).
2
Let g(l) = -5*l**2 - 12*l - 8. Give g(-1).
-1
Let z(f) = f**2 - 17*f - 19. Determine z(17).
-19
Let q(g) = -g**2 + 26*g - 43. What is q(24)?
5
Let m(s) = -3*s**2 - 137*s + 46. Calculate m(-46).
0
Let a(t) = 10*t + 1. Give a(-1).
-9
Let n(c) = c**2 + c + 9. What is n(-4)?
21
Let o(x) = x**3 + 12*x**2 - 28*x + 22. Determine o(-14).
22
Let i(o) = 9*o - 3. Determine i(4).
33
Let r(j) = j**3 - 11*j**2 + 34*j - 235. Determine r(10).
5
Let m(f) = 3*f + 4. Give m(3).
13
Let m(v) = -v**3 - 3*v**2 + 28*v - 7. Calculate m(-7).
-7
Let i(v) = 32*v - 45. Calculate i(1).
-13
Let s(l) = 4*l - 28. What is s(9)?
8
Let v(x) = -3*x + 3. What is v(4)?
-9
Let k(n) = -15*n + 191. What is k(10)?
41
Let q(p) = p**3 + 29*p**2 - 2*p - 50. Determine q(-29).
8
Let v(d) = 12*d - 1. Give v(-8).
-97
Let f(p) = -p**3 + 12*p**2 - 9*p + 2. Determine f(11).
24
Let r(y) = -y**3 + 15*y**2 + 15*y + 7. Determine r(16).
-9
Let s(r) = -r**3 - 2*r**2 - r - 6. Calculate s(0).
-6
Let b(z) = -9*z**3 - z - 2. What is b(-1)?
8
Let q(d) = d**3 + 8*d**2 - 47*d + 1. Determine q(-12).
-11
Let w(r) = r**3 + 9*r**2 - 14*r. Give w(-10).
40
Let w(u) = -u**3 + 11*u**2 - 10*u - 8. Give w(10).
-8
Let a(h) = 2*h - 9. Give a(4).
-1
Let o(b) = b**2 - 13*b + 13. Determine o(10).
-17
Let y(m) = -m - 3. Give y(-10).
7
Let p(b) = -b**2 - 10*b - 29. What is p(-6)?
-5
Let h(d) = -13*d + 67. What is h(8)?
-37
Let z(n) = n**3 - 2*n**2 + n - 13. What is z(0)?
-13
Let p(i) = -i**2 - 18*i - 31. Calculate p(-16).
1
Let n(k) = k**2 - 10*k - 13. Determine n(11).
-2
Let s(a) = -a**2 + 36*a - 316. Calculate s(16).
4
Let a(x) = 2*x + 9. Determine a(4).
17
Let a(y) = 20*y + 143. Calculate a(-7).
3
Let u(k) = k**3 - 18*k**2 - 8*k - 213. Calculate u(19).
-4
Let d(w) = w - 3. Calculate d(2).
-1
Let v(m) = -11*m**2 - 132*m - 20. Give v(-12).
-20
Let a(l) = l**3 - 4*l**2 - 14*l + 6. What is a(6)?
-6
Let r(z) = -z**2 - 17*z - 25. What is r(-15)?
5
Let v(p) = p + 1. Determine v(-3).
-2
Let x(p) = -79*p - 241. Give x(-3).
-4
Let b(m) = -m**3 - 30*m**2 - 2*m - 70. Give b(-30).
-10
Let u(q) = 6*q**2 - 22*q + 9. What is u(3)?
-3
Let l(y) = -41*y**2 - 4*y + 3. Determine l(1).
-42
Let b(f) = 2*f - 3. Give b(5).
7
Let q(m) = 7*m - 4. Determine q(-15).
-109
Let a(k) = k**3 + k + 22. Give a(0).
22
Let j(t) = -t**2 - 3*t + 2. Determine j(-5).
-8
Let r(v) = v**2 + 6*v + 10. Calculate r(-5).
5
Let f(c) = -c**2 - 4*c - 5. Give f(-4).
-5
Let d(j) = -2*j**2 - 46*j - 18. Give d(-23).
-18
Let x(t) = 13*t - 35. Determine x(11).
108
Let c(o) = o**2 - 32*o + 247. Give c(16).
-9
Let w(x) = -x**2 + 42*x - 74. Determine w(40).
6
Let s(r) = r**2 + 20*r - 34. Calculate s(-22).
10
Let s(w) = w**3 + 7*w**2 + 4*w - 5. What is s(-5)?
25
Let q(v) = v**3 + 2*v**2 - 4*v + 6. What is q(-3)?
9
Let p(v) = 3*v**3 - 18*v**2 - 3*v - 4. Give p(6).
-22
Let f(i) = -i**2 + 5*i + 11. Calculate f(6).
5
Let s(g) = g**2 + 2. Calculate s(4).
18
Let b(x) = 2*x**3 - 31*x**2 - 16*x + 22. Determine b(16).
22
Let m(a) = -12*a + 91. Give m(7).
7
Let t(k) = 5*k**2 + k - 4. Determine t(2).
18
Let u(d) = 8*d + 6. Give u(5).
46
Let p(o) = -3*o**2 + 32*o - 24. Determine p(12).
-72
Let f(r) = -r**3 + 12*r**2 - 20*r + 3. Determine f(10).
3
Let y(c) = -c**2 + 7*c - 11. Determine y(6).
-5
Let j(b) = b**3 - 8*b**2 - 10*b + 4. Calculate j(9).
-5
Let x(p) = -3*p + 48. What is x(14)?
6
Let t(v) = v**3 - 3*v**2 + v - 2. What is t(3)?
1
Let x(i) = i**3 + 2*i**2 - 8*i. What is x(-4)?
0
Let u(f) = -2*f - 19. Calculate u(-6).
-7
Let g(t) = 17*t**2 - 102*t + 3. Determine g(6).
3
Let o(p) = 3*p - 21. Calculate o(8).
3
Let r(g) = 17*g**3 - g**2 + 5*g - 5. Determine r(1).
16
Let f(i) = 4*i - 47. Give f(5).
-27
Let h(s) = -28*s**3 + s + 1. What is h(-1)?
28
Let s(r) = -r**3 - 8*r**2 - 22*r + 5. Determine s(-5).
40
Let d(s) = 2*s**2 - 12*s + 5. What is d(5)?
-5
Let m(h) = -83*h + 664. What is m(8)?
0
Let l(r) = 2*r - 63. What is l(20)?
-23
Let j(d) = 2*d**2 - 5*d - 3. Calculate j(3).
0
Let z(m) = 18*m + 1. Calculate z(-2).
-35
Let m(q) = -q**3 - 10*q**2 + q + 1. Calculate m(-10).
-9
Let w(f) = -f**3 - 11*f**2 + 11*f + 11. Determine w(-12).
23
Let t(c) = -14*c - 7. Give t(-1).
7
Let c(o) = -o**3 - o + 4. Calculate c(2).
-6
Let c(o) = -o**3 + 5*o**2 + 26*o - 121. Calculate c(6).
-1
Let l(p) = p**3 - 9*p**2 + 17*p + 13. What is l(6)?
7
Let n(a) = -17*a - 18. Determine n(-1).
-1
Let d(r) = r**3 - 7*r**2 - 7*r + 1. Calculate d(8).
9
Let j(p) = p**2 - 13*p - 10. What is j(14)?
4
Let h(k) = k**3 - 19*k**2 + 13*k + 74. What is h(18)?
-16
Let q(v) = -3*v + 1. Give q(-4).
13
Let a(f) = 3*f - 1. What is a(5)?
14
Let m(f) = -f**3 - 6*f**2 + 9*f + 8. Determine m(-7).
-6
Let o(p) = p**2 + 60. Calculate o(0).
60
Let o(w) = 5*w - 51. Give o(9).
-6
Let c(j) = 169*j + 677. Determine c(-4).
1
Let w(g) = 2*g**3 + g**2 - 8*g. Give w(-3).
-21
Let r(d) = -2*d - 39. Calculate r(-20).
1